nder when 95 is divided by z(f).
23
Let o(x) = x**2 + 3*x + 7. Let n be 8/(-28) + 33/(-7). Let r = 8 + n. What is the remainder when o(-4) is divided by r?
2
Let l = 688 - 649. Calculate the remainder when 186 is divided by l.
30
Let u(q) = -4*q + 22. Let d be u(5). Let s(b) = 4*b**3 - 4*b**2 - 2*b + 3. What is the remainder when 71 is divided by s(d)?
11
Suppose -d + 2*w = 776, -2*w = w - 15. Let j be d/(-8) - (-3)/(-4). Suppose 0 = -4*o - o + j. Calculate the remainder when 36 is divided by o.
17
What is the remainder when (-72)/14*(0/5 + -7) is divided by 16?
4
Let y = 65 + -66. Calculate the remainder when 38 is divided by y/2 - ((-172)/(-8))/(-1).
17
Let k(l) = -l**3 - 22*l**2 - 20*l + 25. Let x be k(-21). Suppose 8*g - 12*g - x*c = -264, -5*c + 10 = 0. Calculate the remainder when g is divided by 23.
18
Let g = -56 + 103. What is the remainder when g is divided by 10/(-6*(-4)/60)?
22
Calculate the remainder when 63 is divided by (6/6)/((-2)/(-66)).
30
Let m be (-18)/(-24) + (-61)/(-4). Suppose m = 2*p + 2. Let s(z) = z. Calculate the remainder when 13 is divided by s(p).
6
Calculate the remainder when 606 is divided by (-5 - (16536/(-16))/13)*2.
10
Let y = -1 - -1. Suppose 0*v - 5*v + 75 = y. Let h = -134 + 162. What is the remainder when h is divided by v?
13
Suppose 10*v + 60 = 4*v. What is the remainder when 43 is divided by (-144)/v + (36/(-20))/(-3)?
13
Let z = 8 - 4. Suppose 0 = -4*f - 2*o + 39 - 11, z*o - 21 = -f. Suppose 2*w = -2*d - 2, 2*d = f*w - 0*d - 16. What is the remainder when 9 is divided by w?
1
Suppose 0 = -12*n + 422 + 1594. What is the remainder when n is divided by 29?
23
Suppose -17*f = 24*f - 779. Calculate the remainder when 0/(-1 + 0) + 56 is divided by f.
18
Suppose -301 = -9*n + 1103. Suppose -4*i = -d - 201, 0*i - d + n = 3*i. Calculate the remainder when i is divided by (-82)/(-6) + (-4)/6.
12
Suppose 3*g + 4*h = 27, 2*g - 7 = 4*h - 3*h. Suppose -4*n + 2*n = -s - 1, 2*s - n - 7 = 0. What is the remainder when g is divided by s?
0
Let c(f) = 5*f**2 + 1. Let i be (-2 + 3)*1*-3. What is the remainder when c(i) is divided by 12?
10
Suppose i + 4*r = 41, -437*r = i - 434*r - 45. Calculate the remainder when 73 is divided by i.
16
What is the remainder when 21 is divided by (44/20)/(5/150*6)?
10
Let b be (0 + -3 + 0)/(1*-1). Suppose 0 = -b*i + q + 42, 5*q - 3 = 3*i - 45. What is the remainder when 40 is divided by i?
12
Let f(u) = u**3 - u**2 + u - 17. What is the remainder when 22 is divided by f(3)?
2
Let w(c) = 156*c**2 + 5*c - 3. Calculate the remainder when w(3) is divided by 109.
108
Let q = 16 - 5. Suppose 2*i + 3*p - 37 = 0, 3*p - 134 + 51 = -4*i. Suppose a - i = -5*t, a - 3*a - 2*t + 14 = 0. What is the remainder when q is divided by a?
2
Let j(n) = -4*n - 4. Let c(v) = -v**3 + 5*v**2 + 6*v - 8. Suppose 0*m - 5*m = -30. Let p be c(m). What is the remainder when 110 is divided by j(p)?
26
Let a(u) = -2 - u**2 + 15*u**3 - 12*u**3 + 2*u**2. Calculate the remainder when a(2) is divided by 7.
5
Let m(l) = 3 + 2*l - 41*l**2 - 2 + 52*l**2. Let z be m(-4). Let c = z + -54. What is the remainder when c is divided by 29?
28
Suppose -4*v = -8 - 0. Calculate the remainder when 35 is divided by v.
1
What is the remainder when 967 is divided by 7*858/77 - -10?
87
Let m(x) = 4*x**2 + 4*x - 6. Let k be 2/(-7) + 825/21. Suppose 2*u + 4*f - k = -5, -f - 29 = -u. Calculate the remainder when m(4) is divided by u.
24
Suppose -3*x - 31 = -b, 0*b + 5*b = x - 13. What is the remainder when (-6)/(-2) - (x - 116) is divided by 12?
11
Let j = -6 - -123. Let i = -117 + 147. What is the remainder when j is divided by i?
27
Let g(m) = -m**3 - 3*m**2 + 11*m + 7. Let x be (2/4)/(7/(-84)). Let h = 3 + 7. What is the remainder when g(x) is divided by h?
9
Suppose 2*h = f - 90, f - 5*h + 334 = 5*f. Calculate the remainder when 66 is divided by f/4 - 30/(-20).
20
Suppose 86 = 8*w - 9*w. Let g = -70 - w. What is the remainder when 79 is divided by g?
15
Suppose -2 = 4*v - m + 3, 3*m - 2 = -v. What is the remainder when 52 + -1 + v + 0 is divided by 13?
11
Let u(n) = 2*n**2 + 8*n + 7. Suppose 6*i + 2 = 4*i. Let x(p) = 9*p + 2. Let r be x(i). What is the remainder when u(r) is divided by 13?
10
Let q(k) = k**2 - 5*k - 1. Let z be q(6). Suppose -4*g = -0*o + o - 21, -o - 24 = -z*g. Calculate the remainder when g is divided by 2.
1
Let c be ((-6)/(-3))/(-1 - 9/(-6)). Suppose 0 = -c*l + 3*f + 132, 0 = -l - l - 4*f + 66. Calculate the remainder when l is divided by 19.
14
Let k be (1/3)/(4 + (-175)/45). Calculate the remainder when 9 is divided by 3 - 1*(2 - k).
1
Let g be (0/((-16)/(-4)))/3. Suppose 6*j + 63 - 183 = g. Let b = -12 + 19. Calculate the remainder when j is divided by b.
6
Let w be -4*(-1)/(24/(-9))*-4. Suppose -4*u + w = -2*u. Calculate the remainder when 7 is divided by u.
1
Let u(h) = -4*h**2 + 38*h + 13. Calculate the remainder when u(8) is divided by 32.
29
Let a = -6 - -5. What is the remainder when (3/1)/(a/(-19)) is divided by 6?
3
Suppose 5*y + 11 = x, -5*x + 4*y = -y - 35. Calculate the remainder when 5 is divided by (-36)/(-21) - x/(-21).
1
Let b(j) = -j - 3. Let i be (-4 + 7)*(-14)/6. Calculate the remainder when b(i) is divided by 1.
0
Suppose u - 30 = 5*b, b = 5*u - 0*b - 174. Let z = -23 + 17. Let c(n) = -2*n. What is the remainder when u is divided by c(z)?
11
Let j = -38 - -40. Suppose 5*d - 37 = -k, 25 = -j*k + 3*k + 2*d. What is the remainder when 46 is divided by k?
12
What is the remainder when (74 - 1) + (11 + -5 - 11) is divided by 23?
22
Let i = -923 - -931. Calculate the remainder when 246 is divided by i.
6
Suppose 2*m - 17 = -0*j - 3*j, m - 4*j + 8 = 0. Suppose 2*u + m*y = u - 5, -8 = u + 5*y. Calculate the remainder when 27 is divided by u.
6
Suppose 10*c + 60 = 6*c. Let i = 28 + c. Calculate the remainder when 51 is divided by i.
12
Let v(t) = 2*t**2 + t. Let q(l) = l**2 - 2*l + 1. Let f be q(3). Suppose -6*h + 2*h = 4, f*m - 4*h = 52. What is the remainder when v(-5) is divided by m?
9
Suppose -142 = -3*v + 5*r - 46, -v = -r - 32. Suppose 5*o = -11 + 96. What is the remainder when v is divided by o?
15
Let h(b) be the first derivative of 7*b**4/2 - b**2 + b - 35. What is the remainder when h(1) is divided by 9?
4
Let s(r) = -4*r - 20. Let j be s(-10). Let c(g) = 2*g - 10. Calculate the remainder when 57 is divided by c(j).
27
Let a = -3 + 0. Let k = 9 - a. What is the remainder when 57 is divided by k?
9
Let z = 32 + -32. Let l = z + 11. Calculate the remainder when 41 is divided by l.
8
Suppose 8*s - 9*s - 4*j = -53, -j = 5*s - 360. Suppose 5*h - 118 = -5*a + 42, -25 = 5*h. Calculate the remainder when s is divided by a.
36
Suppose j + l = 49, 85*j + 160 = 89*j - 5*l. Calculate the remainder when 806 is divided by j.
41
Let q be (-6 - -56) + -4 + 2. Suppose -q = -27*i + 23*i. Suppose -3*b + 2*b + 5 = 0. What is the remainder when i is divided by b?
2
Suppose 0 = 16*w - 7186 - 11902. What is the remainder when w is divided by 23?
20
Suppose 6*f + 2*i = 7*f - 359, 5*f - i = 1840. Calculate the remainder when f is divided by 10.
9
Let v(t) = 3*t + 15. Let m be 11*(0 + -2)/(-2). Calculate the remainder when v(m) is divided by 17.
14
Suppose u = -5*w + 23, -2*w + u + 10 = -2. Suppose -149 = -0*z - w*z + 3*v, 0 = -z - 2*v + 35. Calculate the remainder when 3210/35 + 2/7 is divided by z.
30
Let q(f) = f + 36. Let d be q(0). Suppose 2*r + 3*h = d, 8 = 5*h - 12. Calculate the remainder when (r + 2)/(1 + 0) is divided by 5.
4
Let c(p) = -16*p + 15. Calculate the remainder when 52 is divided by c(0).
7
What is the remainder when 50 is divided by (12/(-4) + -10)*-2?
24
Suppose 3*o - 64 = 98. Let k(a) = -2*a**3 - 68*a**2 - 61*a + 323. Calculate the remainder when k(-33) is divided by o.
50
Let c(r) be the third derivative of r**5/60 + r**3 - 15*r**2. Calculate the remainder when c(-4) is divided by 12.
10
Suppose -350 = 29*y - 34*y. Let j(m) = 6*m**2 + 3*m. Let k(v) = v**3 + 7*v**2 + 4*v - 14. Let t be k(-6). Calculate the remainder when y is divided by j(t).
16
Let q = 12 - -5. Let c = -12 - -4. What is the remainder when q is divided by 0 + 2 + (0 - c)?
7
Suppose -4*b + 258 = 2*c, -40*c + 37*c + 387 = 5*b. What is the remainder when c is divided by 6?
3
Suppose -3*p = 223 - 346. Calculate the remainder when 